n factor of 16 and m.
16
Let v = -15 - -17. What is the highest common factor of v and 32?
2
Let l(a) = -3*a + 12. Let q be l(-11). Suppose 3*u - 2*k - q = 118, 0 = 5*u + 5*k - 280. Calculate the highest common divisor of 5 and u.
5
Suppose 0*s + 3*w - 9 = -3*s, 4*s = 2*w + 12. Let q be s + 53 + 3 + 1. Calculate the highest common divisor of q and 24.
12
Suppose -164 = -3*b - 4*u, 3*b - 6*b + 4*u + 124 = 0. What is the greatest common factor of b and 48?
48
Let x(r) = 3*r + 15. Let f be x(0). Calculate the greatest common factor of 45 and f.
15
Suppose a + 5*w - 227 = -42, -4*a + 5*w = -715. Calculate the greatest common divisor of 20 and a.
20
Suppose -325 = -2*m - 3*m. Let h = 7 + 19. What is the highest common factor of m and h?
13
Suppose -v = 5*k - 20, 0*k - k = -v - 10. Suppose -k = -t - 4. What is the greatest common factor of t and 7?
1
Let b(s) = 7*s**2. Suppose 6*d - d - a = 0, 4*a + 22 = -2*d. Let w be b(d). What is the highest common divisor of w and 56?
7
Suppose -4*g - 23 = -99. What is the greatest common factor of g and 57?
19
Let z be 12/(-15)*380/(-8). Calculate the greatest common divisor of 19 and z.
19
Let n(i) = -i + 3. Suppose -5*d = 3*t - 4*d - 1, -1 = -t - d. Let l be n(t). Let k(y) = -y + 24. Let f be k(0). What is the highest common divisor of f and l?
3
Let m = 14 - 5. Let b(a) = -5*a**3 + a**2 - 2*a - 3. Let q be b(-2). What is the highest common divisor of q and m?
9
Suppose -38*d + 22 = -37*d. What is the greatest common factor of 55 and d?
11
Suppose 4*x = 4*w + 12 + 28, 25 = 5*w. Calculate the greatest common divisor of 75 and x.
15
Let y(v) be the third derivative of 9/2*v**3 + 1/24*v**4 + 2*v**2 + 0 + 0*v. Let w be y(0). Calculate the highest common factor of w and 9.
9
Suppose 4*p = 9*p - 200. Let r = 1 + 3. Suppose -50 = -r*g - 2*z, -5*g + 24 = -2*z - 16. Calculate the greatest common factor of g and p.
10
Suppose 2*r - 36 = -4. Suppose -4*y = -16 - r. Let v = -13 - -17. What is the greatest common factor of v and y?
4
Suppose -14*l - 64 = -568. What is the greatest common divisor of 54 and l?
18
Suppose -3*t - 2*t = 195. Let i be t/((-2)/(48/9)). What is the highest common divisor of i and 13?
13
Let d be (-3)/((-11)/(-275)*1*-1). Calculate the greatest common factor of 25 and d.
25
Suppose 36 = -2*o + 3*o. Suppose m - 2*m + 23 = 2*r, -2*r - 5*m = -43. Suppose 0*k + k = r. Calculate the highest common factor of o and k.
9
Suppose y = k - 2*y - 96, -196 = -2*k + 2*y. What is the greatest common divisor of k and 9?
9
Suppose -3*p - 6 = -96. Let h(r) = -9*r. Let i be h(-1). Let l be p/i*(1 - -2). Calculate the greatest common factor of 4 and l.
2
Let r(i) = i + 6. Let p be r(-6). Suppose 3*a - 103 - 5 = p. Let m = -5 + 11. Calculate the greatest common divisor of a and m.
6
Let s be 0 + (-2)/8*-4. What is the highest common divisor of 11 and s?
1
Suppose g = -1 + 9. Let a be 258/g + 12/16. Calculate the highest common factor of 3 and a.
3
Suppose z - 8*b - 58 = -3*b, 0 = -2*z - 5*b + 41. Calculate the greatest common divisor of 165 and z.
33
Let k = 22 - -4. Suppose -v + 27 = -38. Calculate the highest common factor of k and v.
13
Let l(d) = 7 - 4*d**2 + 0*d**2 + 6*d + 3*d**2. Let i be l(6). What is the highest common divisor of 28 and i?
7
Let x(f) be the second derivative of f**3/6 + f**2 + f. Let q be (10 - 6) + (-2)/1. Let a be x(q). Calculate the greatest common factor of a and 44.
4
Let a(w) = 26*w + 1. Let l be a(1). Let m(t) = -t**3 - t**2 + 8. Let k be m(0). Let c be ((-6)/k)/(3/(-12)). Calculate the highest common factor of c and l.
3
Let f(o) = o - 3. Let i be f(8). Suppose 8 = i*g - 67. Suppose 4*a + 75 = 5*n, -21 - 9 = -2*n - 2*a. Calculate the greatest common divisor of n and g.
15
Suppose t - 4*d - 37 = 0, 2*t + d - 41 = -3. What is the greatest common divisor of 147 and t?
21
Suppose -78 - 12 = -3*i. Let t be (12/i)/(2/20). Let o = -68 + 100. Calculate the greatest common divisor of o and t.
4
Let l = -5 + 9. Suppose l*t = 5*k + 23 + 55, t = -5*k + 32. Calculate the highest common divisor of 44 and t.
22
Suppose 5*w = -5*k + 90, -2*w - 2*w + 66 = -2*k. What is the highest common divisor of w and 34?
17
Let x be ((-3)/(-18) - (-1)/3)*74. What is the highest common factor of 407 and x?
37
Let z = -6 + 4. Let m be ((-1 - z) + 2)/(-1). Let u be 88/12 + (-2)/m. What is the greatest common factor of u and 8?
8
Suppose 4*o = o + 18. Let c(f) = 2*f**2 - 2. Let j be c(o). Suppose -2*t + 18 = -j. What is the highest common divisor of t and 11?
11
Let r be 8/6*(-3 - 225)/(-4). Calculate the highest common divisor of 95 and r.
19
Let g(w) = 8*w - 2. Let t = -3 - -5. Let i be g(t). Calculate the highest common factor of i and 14.
14
Let t = 16 + -11. Suppose -4*u = z + 2*z - 69, -5*z - t = 0. What is the greatest common factor of u and 9?
9
Let c(u) = -u**3 - 3*u**2 - 2*u + 3. Let i = -6 - -6. Let m(z) = z**3 + z - 3. Let y be m(i). Let v be c(y). Calculate the highest common divisor of 9 and v.
9
Let z be (4 - -1)*(-4)/(-4). Suppose -z*s - a = -808, -3*s = 2*s - 5*a - 820. What is the highest common divisor of s and 18?
18
Let m = -6 + 9. Suppose b - m - 8 = 0. What is the greatest common factor of b and 44?
11
Let h = -19 - -41. Let n = -33 - -35. What is the highest common factor of h and n?
2
Let v(w) = -w**3 + 10*w + 4. Let y be v(-4). Calculate the greatest common divisor of y and 14.
14
Let q(r) be the third derivative of r**5/60 + r**4/8 - r**3/6 - 3*r**2. Let j be q(2). What is the highest common divisor of 63 and j?
9
Let k(i) = i - 1. Let m be k(13). What is the greatest common factor of m and 24?
12
Let u = -2 - -11. Let g(y) = y**3 + 12*y**2 + 20*y + 9. Let k be g(-9). Calculate the highest common factor of u and k.
9
Let k(v) = -v + 4. Let n be k(-5). What is the highest common factor of 6 and n?
3
Let o(h) = -2*h + 10. Let l be o(8). Let d be (-4)/l - 1136/(-24). What is the greatest common divisor of 12 and d?
12
Suppose w - 96 = -3*w. Calculate the highest common divisor of w and 8.
8
Let j = 25 + 1. Calculate the greatest common factor of j and 26.
26
Let f be 9/((-27)/6) - -47. Calculate the greatest common divisor of 30 and f.
15
Suppose 0 = -5*r - 9 + 34. Suppose -124 = -3*w - q + r*q, -w + 3*q = -48. Suppose m - 16 = -2*f, 5*f = 9 - 29. Calculate the highest common divisor of w and m.
12
Let h(s) = s**3 + 7*s**2 + 4*s + 3. Let d = -4 - 2. Let m be h(d). What is the highest common factor of m and 3?
3
Let j(x) = x**2 + 7*x - 2. Let q be j(-5). Let b be (10/6)/(1/q). Let u = 4 - b. Calculate the greatest common divisor of u and 3.
3
Let o = 9 - 7. Suppose 0 = -4*c + 2*c - 4*r + 26, -2*c = o*r - 36. Suppose c = 3*d - 16. Calculate the greatest common factor of d and 13.
13
Let b = 55 - 31. Calculate the highest common divisor of 192 and b.
24
Let g(a) = 2*a**2 + 8*a. Suppose 6 = r - 0*r. Let n be g(r). What is the greatest common factor of 24 and n?
24
Let x(z) = -z**3 + 2*z**2 - 1. Let o be x(-1). Suppose 182 = -5*b - o*t, -b - 4*t - 13 = 27. Let y = b + 52. What is the greatest common divisor of 4 and y?
4
Let s be (-22)/(-16)*2*-4. Let f = s + 34. Calculate the greatest common divisor of 207 and f.
23
Let o be (-1 - 4 - -6)/((-1)/(-115)). Suppose 4*c + 222 = 5*u, -4*u + 23 + 151 = -5*c. Calculate the greatest common divisor of o and u.
23
Let z(y) = -y**3 + 6*y**2 + 3*y + 10. Let h be z(6). Calculate the greatest common factor of 70 and h.
14
Suppose -3*n = -21 + 15. Let i(b) = -2*b**3 - 5*b**2 - b + 4. Let a be i(-3). What is the greatest common divisor of n and a?
2
Let q be 106/6 + 8/(-12). Let y(m) = m**2 - 36. Let a be y(11). What is the greatest common divisor of q and a?
17
Let d be (160/3)/((-9)/(-54)). What is the greatest common divisor of d and 32?
32
Let a(f) = f**3 + 5*f**2 - 8*f - 9. Let i be a(-6). What is the highest common divisor of 3 and i?
3
Suppose -5*a - 29 = -3*h, -5*h - 4*a = -3*h - 56. Suppose j - 32 + 86 = 3*f, 4*f - 72 = -5*j. Calculate the greatest common factor of f and h.
18
Let t(u) be the third derivative of u**4/24 + 17*u**3/6 + 5*u**2. Let f be t(-11). Let p = -25 - -43. Calculate the greatest common factor of p and f.
6
Let a = 30 + -16. What is the greatest common divisor of a and 98?
14
Let v = 23 + 47. Suppose 0 = 2*g + 2*g - 8. Suppose f - 4